{"id":30,"date":"2016-09-16T21:20:45","date_gmt":"2016-09-16T21:20:45","guid":{"rendered":"http:\/\/bigdemo\/corporate-modern\/?page_id=30"},"modified":"2019-09-12T10:05:01","modified_gmt":"2019-09-12T13:05:01","slug":"services","status":"publish","type":"page","link":"https:\/\/retailup.com.ar\/Retailup\/services\/","title":{"rendered":"Servicios"},"content":{"rendered":"<div class=\"wpb-content-wrapper\"><p>[vc_row padding_top=&#8221;3x&#8221; padding_bottom=&#8221;3x&#8221; background_image=&#8221;1261&#8243; parallax=&#8221;content-moving&#8221; overlay_color=&#8221;nice_black_color&#8221; overlay_opacity=&#8221;50&#8243; content_placement=&#8221;middle&#8221; shift_y=&#8221;0&#8243;][vc_column text_align=&#8221;left&#8221; style=&#8221;dark&#8221; column_width_percent=&#8221;100&#8243; position_horizontal=&#8221;center&#8221; position_vertical=&#8221;middle&#8221; shift_x=&#8221;0&#8243; shift_y=&#8221;0&#8243; z_index=&#8221;0&#8243;][vc_custom_heading text=&#8221;Nuestros Servicios&#8221; font_container=&#8221;tag:h2|font_size:42&#8243; weight=&#8221;&#8221; subheading_font_container=&#8221;font_size:18&#8243; subheading_weight=&#8221;&#8221; href=&#8221;&#8220;https:\/\/wordpress.org\/plugins\/nice-team\/&#8220;&#8221; subheading=&#8221;- Nos enfocamos en ayudarlo a trav\u00e9s del tiempo con todo el proceso de Expansi\u00f3n de una cadena de Retail<br \/>\n&#8211; Conocemos todo el Ciclo de Vida de la Expansi\u00f3n a trav\u00e9s de los a\u00f1os<br \/>\n&#8211; Procuramos que cada punto de venta maximice el retorno de la inversi\u00f3n mejorando el EBITDA a largo plazo de la compa\u00f1\u00eda&#8221;][\/vc_column][\/vc_row][vc_row padding_top=&#8221;3x&#8221; padding_bottom=&#8221;3x&#8221; overlay_opacity=&#8221;50&#8243; gap=&#8221;30&#8243; equal_height=&#8221;yes&#8221; shift_y=&#8221;0&#8243;][vc_column width=&#8221;1\/4&#8243;][vc_icon type=&#8221;etlineicons&#8221; icon_color=&#8221;nice_black_color&#8221; size=&#8221;icon-3x&#8221; text_size=&#8221;h4&#8243; title_font_weight=&#8221;&#8221; css_animation=&#8221;fadeIn&#8221; icon_etlineicons=&#8221;etlineicon-pencil&#8221; title=&#8221;Desarrollar&#8221;]Estrategia de Expansi\u00f3n de la compa\u00f1\u00eda[\/vc_icon][\/vc_column][vc_column width=&#8221;1\/4&#8243;][vc_icon type=&#8221;etlineicons&#8221; icon_color=&#8221;nice_black_color&#8221; size=&#8221;icon-3x&#8221; text_size=&#8221;h4&#8243; title_font_weight=&#8221;&#8221; css_animation=&#8221;fadeIn&#8221; icon_etlineicons=&#8221;etlineicon-tools&#8221; title=&#8221;Implementar&#8221;]Materializar el Plan de Aperturas[\/vc_icon][\/vc_column][vc_column width=&#8221;1\/4&#8243;][vc_icon type=&#8221;etlineicons&#8221; icon_color=&#8221;nice_black_color&#8221; size=&#8221;icon-3x&#8221; text_size=&#8221;h4&#8243; title_font_weight=&#8221;&#8221; css_animation=&#8221;fadeIn&#8221; icon_etlineicons=&#8221;etlineicon-attachment&#8221; title=&#8221;Alianzas Estrat\u00e9gicas&#8221;]Multiplicar la Expansi\u00f3n analizando Cadenas de Retail ya consolidadas[\/vc_icon][\/vc_column][vc_column width=&#8221;1\/4&#8243;][vc_icon type=&#8221;etlineicons&#8221; icon_color=&#8221;nice_black_color&#8221; size=&#8221;icon-3x&#8221; text_size=&#8221;h4&#8243; title_font_weight=&#8221;&#8221; css_animation=&#8221;fadeIn&#8221; icon_etlineicons=&#8221;etlineicon-document&#8221; title=&#8221;Negociar Contratos&#8221;]Procuramos una Cartera \u201csaludable\u201d de Contratos[\/vc_icon][\/vc_column][\/vc_row][vc_row padding_top=&#8221;&#8221; padding_bottom=&#8221;3x&#8221; overlay_opacity=&#8221;50&#8243; gap=&#8221;30&#8243; equal_height=&#8221;yes&#8221; shift_y=&#8221;0&#8243;][vc_column width=&#8221;1\/4&#8243;][vc_icon type=&#8221;etlineicons&#8221; icon_color=&#8221;nice_black_color&#8221; size=&#8221;icon-3x&#8221; text_size=&#8221;h4&#8243; title_font_weight=&#8221;&#8221; css_animation=&#8221;fadeIn&#8221; icon_etlineicons=&#8221;etlineicon-happy&#8221; title=&#8221;Relaciones Comerciales&#8221;]Nos enfocamos para que su Locador lo perciba como un Socio Estrat\u00e9gico y no como un Locatario[\/vc_icon][\/vc_column][vc_column width=&#8221;1\/4&#8243;][vc_icon type=&#8221;etlineicons&#8221; icon_color=&#8221;nice_black_color&#8221; size=&#8221;icon-3x&#8221; text_size=&#8221;h4&#8243; title_font_weight=&#8221;&#8221; css_animation=&#8221;fadeIn&#8221; icon_etlineicons=&#8221;etlineicon-linegraph&#8221; title=&#8221;Maximizar ROI&#8221;]Velamos porque el ROI proyectado de una apertura minimice el gap con la realidad[\/vc_icon][\/vc_column][vc_column width=&#8221;1\/4&#8243;][vc_icon type=&#8221;etlineicons&#8221; icon_color=&#8221;nice_black_color&#8221; size=&#8221;icon-3x&#8221; text_size=&#8221;h4&#8243; title_font_weight=&#8221;&#8221; css_animation=&#8221;fadeIn&#8221; icon_etlineicons=&#8221;etlineicon-magnifying-glass&#8221; title=&#8221;Auditor\u00eda Puntos de Venta&#8221;]Analizamos si sus Puntos de Venta est\u00e1n en la ubicaciones correctas[\/vc_icon][\/vc_column][vc_column width=&#8221;1\/4&#8243;][vc_icon type=&#8221;etlineicons&#8221; icon_color=&#8221;nice_black_color&#8221; size=&#8221;icon-3x&#8221; text_size=&#8221;h4&#8243; title_font_weight=&#8221;&#8221; css_animation=&#8221;fadeIn&#8221; icon_etlineicons=&#8221;etlineicon-map-pin&#8221; title=&#8221;Google Maps&#8221;]Generamos contenido de sus ubicaciones para Google Maps[\/vc_icon][\/vc_column][\/vc_row][vc_row padding_top=&#8221;4x&#8221; padding_bottom=&#8221;4x&#8221; background_color=&#8221;nice_light_color_1&#8243; overlay_opacity=&#8221;50&#8243; shift_y=&#8221;0&#8243;][vc_column][vc_row_inner][vc_column_inner][vc_custom_heading text=&#8221;Estamos para ayudarlo&#8221; weight=&#8221;&#8221; text_color=&#8221;nice_accent_color&#8221; subheading_weight=&#8221;&#8221;][\/vc_column_inner][\/vc_row_inner][vc_row_inner][vc_column_inner width=&#8221;2\/3&#8243;][vc_column_text]Nos aseguramos soluciones creativas sostenibles en el tiempo. Trabajemos Juntos.[\/vc_column_text][\/vc_column_inner][vc_column_inner width=&#8221;1\/3&#8243;][vc_button button_color=&#8221;nice_accent_color&#8221; size=&#8221;lg&#8221; icon_type=&#8221;fontawesome&#8221; icon_fontawesome=&#8221;fa fa-angle-right&#8221; icon_position=&#8221;right&#8221; link=&#8221;url:https%3A%2F%2Fretailup.com.ar%2FRetailup%2Fcontact%2F|||&#8221;]Cont\u00e1ctenos[\/vc_button][\/vc_column_inner][\/vc_row_inner][\/vc_column][\/vc_row]<\/p>\n<\/div>","protected":false},"excerpt":{"rendered":"<p>[vc_row padding_top=&#8221;3x&#8221; padding_bottom=&#8221;3x&#8221; background_image=&#8221;1261&#8243; parallax=&#8221;content-moving&#8221; overlay_color=&#8221;nice_black_color&#8221; overlay_opacity=&#8221;50&#8243; content_placement=&#8221;middle&#8221; shift_y=&#8221;0&#8243;][vc_column text_align=&#8221;left&#8221; style=&#8221;dark&#8221; column_width_percent=&#8221;100&#8243; position_horizontal=&#8221;center&#8221; position_vertical=&#8221;middle&#8221; shift_x=&#8221;0&#8243; shift_y=&#8221;0&#8243; z_index=&#8221;0&#8243;][vc_custom_heading text=&#8221;Nuestros Servicios&#8221; font_container=&#8221;tag:h2|font_size:42&#8243; weight=&#8221;&#8221; subheading_font_container=&#8221;font_size:18&#8243; subheading_weight=&#8221;&#8221; href=&#8221;&#8220;https:\/\/wordpress.org\/plugins\/nice-team\/&#8220;&#8221; subheading=&#8221;- Nos enfocamos en ayudarlo a trav\u00e9s del tiempo con todo el proceso de Expansi\u00f3n de una cadena de Retail &#8211; Conocemos todo el Ciclo de Vida de la Expansi\u00f3n a [&hellip;]<\/p>\n","protected":false},"author":1,"featured_media":0,"parent":0,"menu_order":0,"comment_status":"closed","ping_status":"closed","template":"","meta":{"footnotes":""},"class_list":["post-30","page","type-page","status-publish","hentry"],"_links":{"self":[{"href":"https:\/\/retailup.com.ar\/Retailup\/wp-json\/wp\/v2\/pages\/30","targetHints":{"allow":["GET"]}}],"collection":[{"href":"https:\/\/retailup.com.ar\/Retailup\/wp-json\/wp\/v2\/pages"}],"about":[{"href":"https:\/\/retailup.com.ar\/Retailup\/wp-json\/wp\/v2\/types\/page"}],"author":[{"embeddable":true,"href":"https:\/\/retailup.com.ar\/Retailup\/wp-json\/wp\/v2\/users\/1"}],"replies":[{"embeddable":true,"href":"https:\/\/retailup.com.ar\/Retailup\/wp-json\/wp\/v2\/comments?post=30"}],"version-history":[{"count":36,"href":"https:\/\/retailup.com.ar\/Retailup\/wp-json\/wp\/v2\/pages\/30\/revisions"}],"predecessor-version":[{"id":1454,"href":"https:\/\/retailup.com.ar\/Retailup\/wp-json\/wp\/v2\/pages\/30\/revisions\/1454"}],"wp:attachment":[{"href":"https:\/\/retailup.com.ar\/Retailup\/wp-json\/wp\/v2\/media?parent=30"}],"curies":[{"name":"wp","href":"https:\/\/api.w.org\/{rel}","templated":true}]}}